late n(f).
-1
Let g be 2 + 0 - (-6 - -4). Let q(h) = 6*h - 1 - h + 2 - g*h. Let f(u) = u**2 + 6*u - 5. Let x be f(-6). What is q(x)?
-4
Suppose -3*u + 0 + 6 = 0. Let m(a) = -4*a - 3. Let q(c) = 8*c + 7. Let l(b) = u*q(b) + 5*m(b). Suppose -15 = -5*z + 5*h, -z + 5*h = 3*h - 5. Calculate l(z).
-5
Let p(f) = -f**3 - 4*f**2 + 2*f - 1. Let t = -6 + 9. Suppose -t*d = 17 - 5. Calculate p(d).
-9
Let r(y) = 2*y + 4. Let h be (-6)/21 - (-19)/(-7). Let j(p) = p**3 + 2*p**2 - 3*p. Let l be j(h). Suppose -2*w - 5 = -3*z + 7, l = -5*z + 10. Calculate r(w).
-2
Suppose -8*z + 4 = -4. Let j(y) be the third derivative of -y**4/24 + y**3/6 + y**2. Give j(z).
0
Let b(h) = h**2 - 6*h - 3. Suppose f - 4*f + 18 = 0. Calculate b(f).
-3
Let w = 8 + -6. Let g be w*((-3)/(-2) - 1). Let l(a) be the first derivative of -a**2/2 - a - 1. Calculate l(g).
-2
Let w(c) = 3*c**3 - 7*c**2 - 9. Let g(v) = -7*v**3 + 15*v**2 + v + 19. Let n(m) = -2*g(m) - 5*w(m). Let b = 13 + -8. Determine n(b).
-3
Let s(a) = a**3 - a**2 - 2*a. Let z be s(2). Suppose z = -l - 4 - 0. Let g(p) = p**2 + p - 4. What is g(l)?
8
Let p be (-56)/(-6) - 3/9. Let j = p - 6. Suppose -10 = -j*f + f. Let u(z) = -z**3 + 6*z**2 - 4*z - 5. Determine u(f).
0
Let q(j) be the first derivative of j**4/4 + 2*j**3/3 - 2*j**2 - 3*j + 4. Give q(-3).
0
Let p(y) be the third derivative of y**5/20 - y**4/8 + y**3/2 + 4*y**2. Let w = -1 + 3. Give p(w).
9
Let l(r) = r**2 + 5*r + 5. Let q = -13 + 13. Suppose -2*a = -2*v + 3*v - 1, -2*v - 3*a - 1 = q. What is l(v)?
5
Let r(m) = -5*m**2 - m - 7. Let o(u) = -14*u**2 - 4*u - 20. Let a(l) = 4*o(l) - 11*r(l). Let x = -4 + 9. Let k = x - 7. What is a(k)?
3
Let p be (1 + 11)*2/4. Suppose -2*g + 3*g = p. Let j = 4 - g. Let r(x) = 2*x**2 - 2*x - 3. What is r(j)?
9
Let k = 3 - 0. Let b(z) = -5*z + k - 3. Let u be b(-1). Let x(l) = -l**3 + 6*l**2 - 5*l + 6. Give x(u).
6
Let b(z) be the first derivative of -3*z**2/2 + 7*z + 16. Give b(6).
-11
Let b(c) = 2*c**3 - 4*c**2 - 5 - c**3 - 5*c + 0*c. Let g(o) = -o**2 - 12*o + 12. Let p be g(-10). Let x = -27 + p. Calculate b(x).
-5
Let r(g) = 9*g**3 + 2*g**2 - 7*g. Let w(m) = 5*m**3 - 5*m**3 + m**2 + 5*m**3 - 4*m + 0*m**2. Let i(y) = 6*r(y) - 11*w(y). Let c = 6 - 4. Calculate i(c).
0
Let s be (2/(-2))/(6/(-12)). Let d(v) = 9*v**2 - v**s + 4 - 5. Determine d(1).
7
Suppose 3*i - 5*l = -2, i - 3*l - 5 = -7*l. Let t = 6 - i. Let z(v) = -5*v**2 + t + 4*v**2 + v + 0*v - 7*v. Give z(-6).
5
Suppose g = 4*g - 9. Let r(c) = -c**3 + 3*c**3 + c**2 - 3 - c**g + c. Let l = -2 + 2. What is r(l)?
-3
Let c be -7 + 2 - (-1 - 1). Let z(y) be the first derivative of y**2 - 3*y - 8. Let d(x) = -5*x + 7. Let l(k) = -3*d(k) - 7*z(k). Give l(c).
-3
Let w(p) = p + 10. Let s = -118 + 106. What is w(s)?
-2
Let l(d) be the second derivative of -d**6/120 + d**5/15 - d**4/12 + d**3/3 + 3*d**2/2 + 5*d. Let z(x) be the first derivative of l(x). Give z(3).
5
Suppose 3*k + 0 - 3 = 0. Let b(x) = -1 - 1 - k - x. Let d = -87 + 91. Give b(d).
-7
Suppose r + 3*r = 2*g, 0 = -2*g + 2*r + 8. Let b = g - 6. Let c(n) = -3*n**2 + 4*n - 3. What is c(b)?
-7
Let k(v) = -v**3 + 5*v**2 + 2. Let m be k(5). Let s(i) = 4*i**2 + 2*i**2 - 2*i**m - 3*i**2. What is s(-2)?
4
Suppose 40 - 5 = -5*a. Let h(f) = -f**2 - 7*f - 6. What is h(a)?
-6
Let w(h) = -6*h - 1. Let k = -20 + 19. What is w(k)?
5
Let u(g) = -g**3 + 5*g**2 - g - 1. Suppose -5*o + 26 = -4*c, -4*o - 3 = -4*c - 27. What is u(o)?
9
Let l(q) = -q**2 - 10*q - 14. Let a be l(-11). Let k be (10/a)/((-1)/5). Let g(b) = -b**3 + 2*b - 1. Calculate g(k).
-5
Let w(c) = 12*c**3 + 6*c**2 - 13*c - 4. Let n(a) = -4*a**3 - 2*a**2 + 4*a + 1. Let x(v) = -7*n(v) - 2*w(v). Determine x(1).
5
Let c(j) = 3*j + 1. Suppose 13*n = 18*n - 5. Suppose -5*a = 2 - 17. Suppose -a*m - 5 = n. What is c(m)?
-5
Suppose 0 = 5*a - 5*o + 20, 2*a - 4 + 2 = -3*o. Let f(b) = b - 3*b + 2 + 0*b - 2*b**2. What is f(a)?
-2
Let g(w) = -w + 10. Let y be g(2). Let c(l) = l**3 - 9*l**2 + 6*l + 10. What is c(y)?
-6
Let d(j) be the first derivative of 3*j**4 - j**3/3 + j**2 + 3*j - 3. Let n(b) = 13*b**3 - 2*b**2 + 3*b + 4. Let w(h) = -4*d(h) + 3*n(h). What is w(1)?
-10
Let b(r) = r**2 - r. Let j(k) = -4*k**2 + 4*k + 1. Let s(i) = -5*b(i) - j(i). Give s(2).
-3
Let h(q) = q**2 + 131 - 131 - 4*q. Determine h(4).
0
Let v be -20*((-18)/8 + 5 + -3). Let y(p) = p - 11. Give y(v).
-6
Let q(o) be the first derivative of -o**4/4 + 4*o**3/3 - o**2 - 2*o + 17. Give q(2).
2
Let q(z) = -3*z**2 + 21*z - 18. Let s(v) = -v**2 + 7*v - 6. Let d(w) = 3*q(w) - 8*s(w). Let y be d(4). Let n(t) = 4*t - 7. Give n(y).
17
Let q(v) = -v. Let i be (-6)/(-9) + (-28)/6. Calculate q(i).
4
Let p(a) = 2*a**2 + 6*a - 3. Let q = -9 + 1. Let k(i) = i**2 + 2*i - 1. Let m(l) = q*k(l) + 3*p(l). Calculate m(-2).
-13
Let m(s) be the third derivative of s**6/120 + s**5/60 + s**4/24 - 5*s**3/6 - 2*s**2. Let j = 9 + -6. Suppose u - 2*o = j*o - 15, 3*u + 2*o - 6 = 0. Give m(u).
-5
Let j = 8 - 6. Suppose 5 + 7 = -j*u. Let t(i) = i**2 + 6*i - 8. What is t(u)?
-8
Let d(f) be the first derivative of -1/2*f**2 - f + 3. Give d(-5).
4
Let u(i) = -7*i - 10. Let k(d) = 6*d + 9. Let h(n) = 3*k(n) + 2*u(n). Determine h(-5).
-13
Let w(x) be the third derivative of -x**6/120 - 2*x**5/15 - x**4/3 - 5*x**3/6 - 2*x**2 - 6*x. Determine w(-7).
2
Let z be 8/6 + (-14)/(-21). Let y(h) = 5*h**2 - z*h**2 - 5*h**2 + 1 - 5*h**3. What is y(1)?
-6
Let q(n) = 0*n**2 - n**2 - 5*n**2 - 2 - n**3. Suppose -3*p - r - 26 = 3*r, -5*p = -r + 28. Let c = -12 - p. Give q(c).
-2
Let v be 8 + -3 + -4 + 3. Let x(d) = 5*d**2 - 4*d**2 + 3 + 0 - v*d. Give x(5).
8
Let s(i) = -4 + 8 + 2 - 2*i. Let d(q) = q**3 - 10*q**2 + 10*q - 3. Let h be d(9). Calculate s(h).
-6
Let h(z) = -7*z**2 + 6*z + 9. Let x(i) = 6*i**2 - 6*i - 8. Let d(f) = -5*h(f) - 6*x(f). Determine d(5).
8
Let a(v) = -v + 2. Suppose 3*o = 5 + 4. Let s be a(o). Let b(r) be the first derivative of r**2 + r + 2. Calculate b(s).
-1
Let g = 120 - 122. Let p(z) = z + 2. Let m(s) = -23*s - 31 + 8*s - 2. Let b(t) = 2*m(t) + 33*p(t). Give b(g).
-6
Let q(h) = h**2 - 7*h - 3. Let z be (-112)/24*6/(-4). Give q(z).
-3
Let k(p) = p - 6. Suppose 0 = -5*h - 5*s - 10, 0*h + 22 = 3*h - 4*s. Suppose -h*q - 2*o = -3 + 5, -4*o - 18 = -3*q. Suppose q*w = -2*w. Calculate k(w).
-6
Let p(x) = 2*x**2 - 7*x - 24. Let t be p(6). Let b(n) = -n**3 + 5*n**2 + 6*n - 2. Determine b(t).
-2
Let z(j) be the first derivative of 16*j**3/3 - j**2/2 - 22. What is z(1)?
15
Let n(o) = 2. Let s(g) = 3. Let z(d) = -8*n(d) + 5*s(d). Let b(u) = 3*u + 4. Let t(l) = -b(l) - 3*z(l). Determine t(-3).
8
Let j(x) be the second derivative of x**5/20 + x**4/4 - x**3 - 5*x**2/2 - 2*x. Let d be j(-4). Let l(n) = -3*n + 0*n + n - n**2 - d. What is l(-2)?
-3
Let f(q) be the second derivative of -q**4/12 - q**3/2 - 5*q**2/2 - 16*q. Calculate f(-4).
-9
Suppose -4*w = -y + 13, -3*w - 5*y + 19 = -0*y. Let q(m) = -m**2 + m + 2. Determine q(w).
-4
Suppose 0*c - 4*c = -20. Suppose c*a + 15 = 0, -a = m + 3*a + 9. Let d(q) = -3 - 2*q - q + 5*q. Give d(m).
3
Let l(j) = -7*j**3 - j**2 - 2*j - 1. Let p be l(-1). Let d be (-18)/(-8)*(3 - p). Let k be -3*(12/d)/2. Let h(n) = -2*n**2 + 4*n - 3. Give h(k).
-3
Let q(l) be the first derivative of l**2/2 - l - 5. What is q(4)?
3
Let z(r) = 7 + 3*r + 2 - 3. What is z(-5)?
-9
Let o(c) be the first derivative of -c**5/40 + c**4/24 - 2*c**3/3 + 3. Let y(v) be the third derivative of o(v). Suppose 14 - 4 = -5*s. What is y(s)?
7
Let g = -12 - -7. Let t(c) = 7*c**2 + 7*c + 6. Let v(k) = -4*k**2 - 4*k - 3. Let b(d) = g*v(d) - 3*t(d). Give b(0).
-3
Let h = 2 + -5. Let v(u) = u**2 - u + 1. Let l(w) = -7*w**2 + w - 10. Let b(d) = -l(d) - 6*v(d). Calculate b(h).
-2
Let y(f) = f**3 - 6*f**2 - 3. Let o be (-10)/(-4)*(-36)/(-30) - -3. Give y(o).
-3
Let y(u) be the first derivative of u**4 + u**3/3 + u**2 + u + 9. Give y(-1).
-4
Let y(r) be the second derivative of r**5/20 - 7*r**4/12 + r**3 + 5*r**2/2 + 5*r. Suppose -4*k = -2 - 46. Let b be 2/(-3) + 80/k. Calculate y(b).
5
Let h(p) = p**2 + p + 7. Let x(l) = -l**3 + 6*l**2 + 9*l - 14. Let f be x(7). Determine h(f).
7
Let u(x) be the third derivative of -x**6/40 - x**5/60 + x**4/12 - x**3/6 + x**2. Let s = -25 - -26. Give u(s).
-3
Let x be -1 + (-7)/((-14)/18). Let n(s) = s - 7. Give n(x).
1
Let v(s) be the s